{"id":116,"date":"2021-09-21T09:00:52","date_gmt":"2021-09-21T08:00:52","guid":{"rendered":"http:\/\/sondagsjam.dk\/?page_id=116"},"modified":"2021-09-21T09:00:52","modified_gmt":"2021-09-21T08:00:52","slug":"tilmelding-til-sondagsjam-28-november-2021ber-2021","status":"publish","type":"page","link":"https:\/\/orpro.dk\/index.php\/klaverfabrikken\/tilmelding-til-sondagsjam-28-november-2021ber-2021\/","title":{"rendered":"Tilmelding til den 2. juni 2024 p\u00e5 Klaverfabrikken"},"content":{"rendered":"<p><b>Scroll<\/b> ned for at finde tilmeldingslinket til dit instrument.<\/p>\n<p>Hver gruppe kommer til at best\u00e5 af 1 trommeslager, 1 bassist, mindst 1 og max 2 lead vokaler (der synger 1-2 sange hver), mindst 1 og max 3 guitarister, max 1 keyboard, x antal korsangere\/bl\u00e6sere\/percussions.<br \/>\nEr der ikke flere ledige pladser p\u00e5 ens instrument, kan man tilmelde sig&nbsp;&nbsp;ventelisten, og man vil s\u00e5 blive kontaktet direkte, hvis der kommer et afbud.<\/p>\n<p>N\u00e5r man har trykket p\u00e5 &#8220;Tilmeld&#8221;, bliver man bedt om at klassificere sine evner p\u00e5 sit instrument samt sin samspilserfaring. Dette bruges udelukkende til at fordele kompetencerne ligeligt, n\u00e5r de 4 grupper dannes.<\/p>\n<p>I notefeltet m\u00e5 man ogs\u00e5 meget gerne skrive lidt om sin musikalske baggrund, samt hvilke af genrene Pop, Rock, Blues og Soul\/Funk man helst vil eller ikke vil spille.<\/p>\n<p>Ved dannelse af grupperne vil vi s\u00e5 fors\u00f8ge at tage hensyn til alles \u00f8nsker om musikgenrer, men det lykkes aldrig helt, s\u00e5 man skal v\u00e6re forberedt p\u00e5 at spille lidt af det hele!<\/p>\n<h4>KLASSIFICERING AF EVNER OG SAMSPILSERFARING:<\/h4>\n<p><b>Evner<\/b><br \/>\n1) Du er en begynder, der kun kan det mest basale p\u00e5 sit instrument<br \/>\n2) Du er rutineret p\u00e5 dit instrument<br \/>\n3) Du er dygtig p\u00e5 dit instrument<br \/>\n4) Du er s\u00e6rdeles dygtig p\u00e5 dit instrument<\/p>\n<p><b>Samspilserfaring<\/b><br \/>\na) Du har aldrig spillet sammen med andre<br \/>\nb) Du har begr\u00e6nset erfaring med at spille sammen med andre \u2013 har m\u00e5ske spillet kortvarigt i et band men har ikke v\u00e6ret ude at spille<br \/>\nc) Du har spillet fast i et band\/gruppe, og har ogs\u00e5 pr\u00f8vet at v\u00e6re ude at spille flere gange<br \/>\nd) Du er s\u00e6rdeles erfaren i samspil, og har spillet meget i bands\/grupper. Du har mange spillejobs i bagagen.<\/p>\n<p><b>BEM\u00c6RK<\/b> at for trommeslagere g\u00e6lder, at de mindst skal v\u00e6re oppe p\u00e5 2B i ovenn\u00e6vnte graduering, da trommespil p\u00e5 et vist niveau er vigtigt for at resten af gruppen kan fungere. Der er h\u00f8jst plads til en guitarist med gradueringen 1A i hver gruppe.<\/p>\n<p>Efter tilmeldingen vil du modtage en email med betalings detaljerne.<\/p>\n<p>AFBUD:<br \/>\nHvis det af tvingende \u00e5rsager skulle vise sig, at du er n\u00f8dt til at melde afbud, er der f\u00f8lgende regler:<\/p>\n<p>1) Hvis du melder afbud inden deadline for tilmelding, f\u00e5r du dine indbetalte penge retur<br \/>\n2) Hvis du melder fra efter deadline for tilmelding, vil du ikke f\u00e5 det indbetalte bel\u00f8b returneret, da maden og banddoktorerne p\u00e5 det tidspunkt er bestilt ud fra antal tilmeldte.<\/p>\n<p>&nbsp;<\/p>\n<p><strong>Lydpr\u00f8ve og brug af egne forst\u00e6rkere<\/strong><\/p>\n<p>I l\u00f8bet af dagen n\u00e5r der \u00f8ves i \u00f8velokalerne med sin gruppe skal man som udgangspunkt medbringe og spille p\u00e5 sine egne instrumenter og forst\u00e6rkere. Der er mikrofoner og stativer i \u00f8velokalerne.<\/p>\n<p>P\u00e5 scenen til aftens koncert kommer der til at st\u00e5 Klaverfabrikkens 5 guitarforst\u00e6rkere, bas forst\u00e6rker samt trommes\u00e6t. Alle vil v\u00e6re micked up p\u00e5 forh\u00e5nd og man skal derfor kun medbringe sit personlige instrument inkl pedaler. Der vil IKKE v\u00e6re mulighed for at spille p\u00e5 sin egen forst\u00e6rker til lydpr\u00f8ve og koncert. Til geng\u00e6ld er der 5 forskellige guitarforst\u00e6rkere i god kvalitet og g\u00e6nse m\u00e6rker som de op til 3 guitarister per gruppe kan fordele imellem sig. Trommeslagere kan evt benytte egne b\u00e6kner og lilletromme. Der vil som altid v\u00e6re mikrofoner til alle p\u00e5 scenen men man kan stadig f\u00e5 lov til at benytte sin personlige mikrofon.<\/p>\n<p><strong>TILMELDING TIL S\u00d8NDAGSJAM DEN 2. JUNI 2024<\/strong><\/p>\n<p>Tryk p\u00e5 <em>\u201cJeg er allerede medlem &#8211; Klik<\/em><em> her\u201d<\/em> hvis du f\u00f8r har deltaget i S\u00f8ndagsJam p\u00e5 Klaverfabrikken<\/p>\n<p><b><a href=\"https:\/\/tilmelding.klaverfabrikken.dk\/memberportal\/subscribe\/index\/136914\">Bas<\/a><\/b><\/p>\n<p><b><a href=\"https:\/\/tilmelding.klaverfabrikken.dk\/memberportal\/subscribe\/index\/136943\">Trommer<\/a><\/b><\/p>\n<p><b><a href=\"https:\/\/tilmelding.klaverfabrikken.dk\/memberportal\/subscribe\/index\/136946\">Vokal<\/a><\/b><\/p>\n<p><b><a href=\"https:\/\/tilmelding.klaverfabrikken.dk\/memberportal\/subscribe\/index\/136915\">Guitar<\/a><\/b><\/p>\n<p><strong><a href=\"https:\/\/tilmelding.klaverfabrikken.dk\/memberportal\/subscribe\/index\/136945\">Bl\u00e6sere<\/a><\/strong><\/p>\n<p><b><a href=\"https:\/\/tilmelding.klaverfabrikken.dk\/memberportal\/subscribe\/index\/136941\">Keyboard<\/a><\/b><\/p>\n<p><b><a href=\"https:\/\/tilmelding.klaverfabrikken.dk\/memberportal\/subscribe\/index\/136942\">Percussion \/ Kor<\/a><\/b><\/p>\n<p><b><a href=\"https:\/\/tilmelding.klaverfabrikken.dk\/memberportal\/subscribe\/index\/136944\">Venteliste<\/a><\/b><\/p>\n<p>&nbsp;<\/p>\n","protected":false},"excerpt":{"rendered":"<p>Scroll ned for at finde tilmeldingslinket til dit instrument. Hver gruppe kommer til at best\u00e5 af 1 trommeslager, 1 bassist, mindst 1 og max 2 lead vokaler (der synger 1-2 sange hver), mindst 1 og max 3 guitarister, max 1 keyboard, x antal korsangere\/bl\u00e6sere\/percussions. Er der ikke flere ledige pladser p\u00e5 ens instrument, kan man [&hellip;]<\/p>\n","protected":false},"author":1,"featured_media":984,"parent":34,"menu_order":1,"comment_status":"closed","ping_status":"closed","template":"","meta":{"footnotes":""},"class_list":["post-116","page","type-page","status-publish","has-post-thumbnail","hentry"],"_links":{"self":[{"href":"https:\/\/orpro.dk\/index.php\/wp-json\/wp\/v2\/pages\/116","targetHints":{"allow":["GET"]}}],"collection":[{"href":"https:\/\/orpro.dk\/index.php\/wp-json\/wp\/v2\/pages"}],"about":[{"href":"https:\/\/orpro.dk\/index.php\/wp-json\/wp\/v2\/types\/page"}],"author":[{"embeddable":true,"href":"https:\/\/orpro.dk\/index.php\/wp-json\/wp\/v2\/users\/1"}],"replies":[{"embeddable":true,"href":"https:\/\/orpro.dk\/index.php\/wp-json\/wp\/v2\/comments?post=116"}],"version-history":[{"count":0,"href":"https:\/\/orpro.dk\/index.php\/wp-json\/wp\/v2\/pages\/116\/revisions"}],"up":[{"embeddable":true,"href":"https:\/\/orpro.dk\/index.php\/wp-json\/wp\/v2\/pages\/34"}],"wp:featuredmedia":[{"embeddable":true,"href":"https:\/\/orpro.dk\/index.php\/wp-json\/"}],"wp:attachment":[{"href":"https:\/\/orpro.dk\/index.php\/wp-json\/wp\/v2\/media?parent=116"}],"curies":[{"name":"wp","href":"https:\/\/api.w.org\/{rel}","templated":true}]}}